the tens digit of n(9)?
8
Let m(f) = f**3 + 12*f**2 + 9*f + 10. Suppose 5*z - 2*x - 24 = -81, -5*z - x = 54. What is the tens digit of m(z)?
3
Let n(b) = -15*b**2 - 14*b - 20. Let x(u) = 10*u**2 + 9*u + 13. Let t(h) = 5*n(h) + 8*x(h). What is the tens digit of t(3)?
5
Let b = -51 - -56. Suppose 0 = b*n - 2*f - 142, 0*f = n + 2*f - 26. What is the tens digit of n?
2
Suppose 4*h + 1350 - 62 = 4*c, 5*h + 322 = c. Let k = 495 - c. What is the hundreds digit of k?
1
Suppose 6*z - 4*z = 528. Let m = z + -68. What is the tens digit of m?
9
Suppose 0 = 3*h + 2*h. Let r = h + 6. Let u(z) = 3*z + 3. What is the tens digit of u(r)?
2
What is the hundreds digit of 8*(-5)/(-10)*2*32?
2
Suppose 5*q - 3050 = -5*d, 24 = -4*q + 2*d + 2434. What is the units digit of q?
5
Let g = -24 + 23. Let c(o) = -32*o - 3. What is the units digit of c(g)?
9
Let f be (-849)/(-15) + 4/10. Suppose f = 5*h - 63. What is the tens digit of h?
2
Let y be 1/2 - 57/6. Let w be 6/y*27/(-6). Suppose w*z = -0*z + 105. What is the units digit of z?
5
What is the tens digit of (-14 - -15) + 152 + 0/(-3)?
5
Let y(l) = -l**3 - 12*l**2 - 11*l + 14. Let b = -1 + 0. Let m be (0 - 1)/(b/(-11)). What is the units digit of y(m)?
4
What is the units digit of ((-1)/2)/(37285/(-4660) - -8)?
6
Let i(f) be the second derivative of f**5/20 - f**4/6 + f**3/3 + 5*f**2/2 + f. Let d = 74 - 70. What is the tens digit of i(d)?
4
Let b = 704 + -158. What is the tens digit of b?
4
Suppose 8*o - 42 = 5*o. Let m(v) = v - 11. Let w be m(o). Suppose 0 = w*z, 3*s + s - 36 = 4*z. What is the units digit of s?
9
Let b be -1 + 3 + -4 - 82. Let t = 222 + b. What is the tens digit of t?
3
Suppose -5*s = -15 - 5. Suppose 4*k = d - 5, d + 5*k = -s*d. What is the units digit of d/(6/(-3) + 3)?
1
Let k = -5 + 32. Suppose 5*l + 24 + k = c, 4*l = 5*c - 360. What is the tens digit of c?
7
Let m(q) = 5*q**3 - 4*q**2 + 4*q. Let u be m(2). Suppose -4*s = v - 11, 0 = 5*v - 0*v - 3*s - u. What is the units digit of v?
7
What is the hundreds digit of (-4)/16*2*-3866?
9
Suppose -3*v + 20 = 2*n - 0*v, -2*n - 12 = -5*v. Let m = n - -1. Suppose c - m*f - 5 = -4*c, 2*f + 8 = 5*c. What is the units digit of c?
2
Suppose 0 = 3*s - 3*v - 3018, -4*s - v - 1108 + 5117 = 0. What is the thousands digit of s?
1
Suppose -4 = -2*h - 4*y, -h + 4*y + 20 = h. Let v(r) = 10*r - 2. What is the units digit of v(h)?
8
Let x = -150 + 263. What is the tens digit of x?
1
Let r = -4 + 5. Suppose -r = 2*d - 27. Let z = d + -8. What is the units digit of z?
5
Suppose -5*c = -4*n + 3277, -n + 42*c - 41*c + 819 = 0. What is the hundreds digit of n?
8
Let o = -132 + 957. What is the tens digit of o?
2
What is the thousands digit of 28/42 + (-37014)/(-18)?
2
Suppose 4*c - d + 109 = 0, 3*d + 117 = -4*c + 28. What is the tens digit of 278/4 - (-39)/c?
6
Let x(w) = w + 4. Suppose 0 = 3*p - 0 - 6. Suppose p*l + 2*l = 12. What is the units digit of x(l)?
7
What is the thousands digit of (0 + 5892)/(-193 + 195)?
2
Suppose 2*n - n + 3846 = 0. What is the tens digit of n/(-34) - 10/85?
1
Let t = 5 - 1. Suppose -6*u + 126 = -t*u. What is the units digit of u?
3
Let u = -891 - -1404. Let f = u - 338. What is the hundreds digit of f?
1
Suppose -2*d + 13 = 5*n + 38, 3*n = -5*d - 34. Let b = n - 0. Let f = 6 - b. What is the units digit of f?
9
What is the hundreds digit of ((-80)/(-30) - 0)/(6/2007)?
8
Suppose -4*z + 406 = -z + 4*m, -248 = -2*z + 3*m. What is the units digit of z?
0
Let a = 50 - 77. What is the hundreds digit of ((-21)/4)/(a/756)?
1
Suppose -4*a + 6 = v - 37, 0 = -v + 5*a + 25. Let g = v + -49. Let l = g - -33. What is the tens digit of l?
1
Let f(t) = -t**3 - 11*t**2 + 20*t - 2. Suppose 0 = 5*p - 5 + 70. What is the units digit of f(p)?
6
What is the thousands digit of 3229 - 32/(-20)*-5?
3
Let w(p) = 93*p**2 - 52*p - 168. What is the units digit of w(-3)?
5
Let x be -2 - (58/(-2) - 2). Suppose -135 = -3*d + q, -4*q - 57 + 221 = 4*d. Let h = d - x. What is the tens digit of h?
1
Let f(z) = 39*z**2 - 4*z + 113. What is the tens digit of f(7)?
9
Let z(s) = -s**2 + 2 + 0 + 9 + 15. Suppose -5*h + 2*a = -2, 0 = -3*h - 8*a + 3*a - 5. What is the units digit of z(h)?
6
Suppose 0*y = 4*y - 5*u + 9, -2*u + 1 = y. Suppose 0 = -5*o - 20, 0 = 2*s - 3*o + 4*o - 12. Let h = s - y. What is the units digit of h?
9
Let k = 2047 + -2094. Let h = 231 + -155. Let r = k + h. What is the tens digit of r?
2
What is the hundreds digit of 52/(-104) + (-27651)/(-6)?
6
Let g(z) = -11*z**3 - 5*z**2 + 9*z - 4. What is the hundreds digit of g(-6)?
1
Let r(w) = -w**3 + 18*w**2 - 11*w - 58. What is the tens digit of r(15)?
5
Suppose -5*v + 538 = 2*m, 0*v - 2*m = -4*v + 416. Let h = 47 - v. Let r = -37 - h. What is the tens digit of r?
2
Suppose -o = o + o. Let k(r) = -r**3 - 6*r**2 - r - 4. Let l be k(-7). Suppose 3*s + 3*w + o = 24, -w - l = -5*s. What is the units digit of s?
0
Let n = -140 - -145. Suppose 2*q + 0 = -6, -n*s + 900 = 5*q. What is the units digit of s?
3
Let n = -6 - -11. Suppose -5 = 3*w + o + o, -4*w + n = 5*o. Let h = 2 - w. What is the units digit of h?
7
Suppose 8605 - 79 = 6*u. What is the tens digit of u?
2
Suppose -7*t + 1560 = 3*t. Suppose 770 = 7*u - 2*u + 5*n, 0 = -u + n + t. What is the units digit of u?
5
Suppose 4*z + 2*h - 2022 = -0*z, 4*h - 1014 = -2*z. Let j = z + -274. What is the tens digit of j?
3
Let x = -58 + 62. Suppose -119 = -k + x*a, -476 = -4*k - 2*a - 2*a. What is the tens digit of k?
1
Let j(y) = -y**3 + 12*y**2 + 3*y - 30. Let r be -2*(-33)/6 - -1. What is the units digit of j(r)?
6
What is the tens digit of 2/(3/27*6) - -63?
6
Let o(p) = -2*p**2 - 11*p - 3. Let a be o(-5). Suppose 50 - a = g. What is the units digit of g?
8
Let q = 0 + 3. Suppose -q*k - 34 = -262. What is the units digit of k?
6
Suppose -9*s + 5*c + 2995 = -5*s, -4*c = 3*s - 2223. What is the tens digit of s?
4
Let t = -30 + 35. Suppose -j + 2*s = -48, 4*j - j - 139 = t*s. What is the units digit of j?
8
Suppose -m + 21 = -4*v + 184, -3*v = m - 117. Suppose -s - 40 = v. What is the tens digit of ((-18)/5)/(24/s)?
1
Let k = -173 + 294. What is the tens digit of k?
2
Let r(g) be the second derivative of g**5/20 - g**4/2 + 11*g**3/6 - 14*g**2 + 35*g. What is the tens digit of r(7)?
9
Suppose 5*m + 1489 = 4*k + 92, 5*k + 4*m - 1695 = 0. What is the hundreds digit of k?
3
Let j = 1839 + 425. What is the tens digit of j?
6
Suppose -s = -u - 1, -13 + 0 = -3*s + u. Let y = s + 24. Let w = y - 19. What is the units digit of w?
1
Let j(d) = 3*d**3 - 3*d**2 + 3*d - 1. Suppose 8*l - 24 + 0 = 0. What is the tens digit of j(l)?
6
Let f(o) = 1. Let b(v) = v**2 + 7*v - 17. Suppose -2 - 8 = -2*g, -2*g = -5*i - 35. Let t(k) = i*f(k) + b(k). What is the units digit of t(-10)?
8
Let v = -1699 + 2962. What is the units digit of v?
3
Suppose -5*q = 2*t - 4447, 12*t + q = 14*t - 4417. What is the thousands digit of t?
2
Let m be 10/12*3*1426. What is the units digit of m/55 - (-2)/11?
5
Suppose -2*y = 3*m + 53, 4*m + y = -2*y - 71. Let k(w) = w**2 + 9*w + 4. What is the tens digit of k(m)?
4
Let a = -6 + 28. Let j be (-20)/(-15) - 1/((-3)/2). Suppose -69 = -4*n - 3*d, -2*d - a = -n + j*d. What is the tens digit of n?
1
What is the hundreds digit of (-20302)/(-20) - (118/(-20) + 6)?
0
Suppose 0 = 5*k - 976 - 49. What is the tens digit of k?
0
Suppose -3*a = 19 - 67. Let t be (-4)/a - 538/(-8). Suppose -3*u = -s - 54, -4*u + s + t = -2*s. What is the tens digit of u?
1
Suppose -d - 2 = d - w, 5*w - 10 = -4*d. Suppose d = -6*q + 69 + 369. What is the units digit of q?
3
What is the hundreds digit of (-49625)/50*8/(-10)?
7
Let k(v) = v**3 - 7*v**2 - 9*v - 9. Let x be k(8). Let t = -13 - x. Suppose t*f - 66 = f. What is the tens digit of f?
2
Let i be 2/(-3) + (-3)/9. Let h(d) = d**2 - 9*d + 12. Let p be h(7). What is the tens digit of 4 - -25 - (p - i)?
3
Let x(h) = -3*h - 3. Let b be x(-1). Suppose k - 3*k + 118 = b. What is the units digit of k?
9
Suppose 9*z - 104 - 8338 = 0. What is the tens digit of z?
3
Suppose n = 4*i - 21, -2*i + 3*i - n - 9 = 0. Suppose 5*g = u + i*u - 630, 4*u + g - 499 = 0. What is the hundreds digit of u?
1
Let h = 100 + -94. What is the tens digit of h/(-33) - (-3)/((-66)/(-1984))?
9
What is the units digit of 375 + (-8)/12*-3?
7
Suppose 2*f + 9 = j, 0*j - j + 11 = 